{"id":310,"date":"2020-06-29T14:53:43","date_gmt":"2020-06-29T12:53:43","guid":{"rendered":"http:\/\/upcycliz.fr\/?post_type=product&#038;p=310"},"modified":"2026-02-02T22:00:04","modified_gmt":"2026-02-02T21:00:04","slug":"sac-a-gouter-carreaux-roses-2","status":"publish","type":"product","link":"http:\/\/upcycliz.fr\/index.php\/produit\/sac-a-gouter-carreaux-roses-2\/","title":{"rendered":"sac \u00e0 go\u00fbter carreaux roses"},"content":{"rendered":"<p>Sac \u00e0 go\u00fbter fabriqu\u00e9 avec les vieilles chemises de mon p\u00e8re :-).<\/p>\n<p>Perles violettes \u00e0 pois.<\/p>\n","protected":false},"excerpt":{"rendered":"<p>Sac \u00e0 go\u00fbter fabriqu\u00e9 avec les vieilles chemises de mon p\u00e8re :-). Perles violettes \u00e0 pois.<\/p>\n","protected":false},"featured_media":219,"comment_status":"open","ping_status":"closed","template":"","meta":[],"product_cat":[31,43],"product_tag":[],"_links":{"self":[{"href":"http:\/\/upcycliz.fr\/index.php\/wp-json\/wp\/v2\/product\/310"}],"collection":[{"href":"http:\/\/upcycliz.fr\/index.php\/wp-json\/wp\/v2\/product"}],"about":[{"href":"http:\/\/upcycliz.fr\/index.php\/wp-json\/wp\/v2\/types\/product"}],"replies":[{"embeddable":true,"href":"http:\/\/upcycliz.fr\/index.php\/wp-json\/wp\/v2\/comments?post=310"}],"wp:featuredmedia":[{"embeddable":true,"href":"http:\/\/upcycliz.fr\/index.php\/wp-json\/wp\/v2\/media\/219"}],"wp:attachment":[{"href":"http:\/\/upcycliz.fr\/index.php\/wp-json\/wp\/v2\/media?parent=310"}],"wp:term":[{"taxonomy":"product_cat","embeddable":true,"href":"http:\/\/upcycliz.fr\/index.php\/wp-json\/wp\/v2\/product_cat?post=310"},{"taxonomy":"product_tag","embeddable":true,"href":"http:\/\/upcycliz.fr\/index.php\/wp-json\/wp\/v2\/product_tag?post=310"}],"curies":[{"name":"wp","href":"https:\/\/api.w.org\/{rel}","templated":true}]}}

sac à goûter carreaux roses

<p>Sac à goûter fabriqué avec les vieilles chemises de mon père :-).</p>
<p>Perles violettes à pois.</p>

<p>Sac à goûter fabriqué avec les vieilles chemises de mon père :-). Perles violettes à pois.</p>
