{"id":309,"date":"2020-06-29T14:50:29","date_gmt":"2020-06-29T12:50:29","guid":{"rendered":"http:\/\/upcycliz.fr\/?post_type=product&#038;p=309"},"modified":"2026-04-10T03:57:46","modified_gmt":"2026-04-10T01:57:46","slug":"sac-a-gouter-carreaux-roses","status":"publish","type":"product","link":"http:\/\/upcycliz.fr\/index.php\/produit\/sac-a-gouter-carreaux-roses\/","title":{"rendered":"sac \u00e0 go\u00fbter carreaux roses"},"content":{"rendered":"<p>Sac \u00e0 go\u00fbter fabriqu\u00e9 \u00e0 partir de chemises de mon p\u00e8re \ud83d\ude42<\/p>\n<p>Perles rouges \u00e0 pois.<\/p>\n<p>&nbsp;<\/p>\n","protected":false},"excerpt":{"rendered":"<p>Sac \u00e0 go\u00fbter fabriqu\u00e9 \u00e0 partir de chemises de mon p\u00e8re \ud83d\ude42 Perles rouges \u00e0 pois. &nbsp;<\/p>\n","protected":false},"featured_media":218,"comment_status":"open","ping_status":"closed","template":"","meta":[],"product_cat":[31,43],"product_tag":[],"_links":{"self":[{"href":"http:\/\/upcycliz.fr\/index.php\/wp-json\/wp\/v2\/product\/309"}],"collection":[{"href":"http:\/\/upcycliz.fr\/index.php\/wp-json\/wp\/v2\/product"}],"about":[{"href":"http:\/\/upcycliz.fr\/index.php\/wp-json\/wp\/v2\/types\/product"}],"replies":[{"embeddable":true,"href":"http:\/\/upcycliz.fr\/index.php\/wp-json\/wp\/v2\/comments?post=309"}],"wp:featuredmedia":[{"embeddable":true,"href":"http:\/\/upcycliz.fr\/index.php\/wp-json\/wp\/v2\/media\/218"}],"wp:attachment":[{"href":"http:\/\/upcycliz.fr\/index.php\/wp-json\/wp\/v2\/media?parent=309"}],"wp:term":[{"taxonomy":"product_cat","embeddable":true,"href":"http:\/\/upcycliz.fr\/index.php\/wp-json\/wp\/v2\/product_cat?post=309"},{"taxonomy":"product_tag","embeddable":true,"href":"http:\/\/upcycliz.fr\/index.php\/wp-json\/wp\/v2\/product_tag?post=309"}],"curies":[{"name":"wp","href":"https:\/\/api.w.org\/{rel}","templated":true}]}}